 405 - k. Suppose -3*u + 53 = 5*f, 5*u + 2*f + 0*f = 120. What is the remainder when u is divided by c?
6
Let u(f) = 557*f**3 - 2*f**2 + 216*f - 435. What is the remainder when u(2) is divided by 39?
38
Let m = -348 + 350. Suppose 4*s = -m*b + 26, 3*s = -2*s - 5. Calculate the remainder when 148 is divided by b.
13
Let v = -119 - -130. Let t(x) = -25 + 45 + 2*x - 4*x - 23. What is the remainder when v is divided by t(-4)?
1
Let x(q) = -7*q**2 + 106*q + 113. Calculate the remainder when x(16) is divided by 2 + 2 + -2 + 1.
2
Let r = 4 + 70. Suppose 0 = -13*t - 15 + 210. What is the remainder when r is divided by t?
14
Let o(y) = y**3 + 3*y**2 + 13*y + 53. Let k(b) = -b**2 - 4*b - 17. Let d(u) = -8*k(u) - 3*o(u). What is the remainder when d(-4) is divided by 37?
33
Suppose -25 = -a + 42. Calculate the remainder when 9 - (46 + -34 + (-1072)/4) is divided by a.
64
Let f be (-11099)/(-22) + 3/(-2) + 0. Let b = -500 + f. What is the remainder when 47/4 - 1/(-4) is divided by b?
0
Let b(k) = -19*k**3 + 4*k**2 + 5*k + 2. Suppose -2*m + 3*n - 11 = -3*m, -2*m - 2*n = -6. Calculate the remainder when b(m) is divided by 10.
0
Let a(d) be the second derivative of 211*d**4/12 + 7*d**3/6 - 5*d**2/2 + 344*d. Calculate the remainder when a(2) is divided by 57.
55
Let n(a) = -a**2 + 13*a + 32. Let p be n(14). Let l(u) = 5*u - 52. Let o be l(16). Let i = o - p. Calculate the remainder when 37 is divided by i.
7
Let s = 1199 + -1104. Calculate the remainder when 293 is divided by s.
8
What is the remainder when (48/(-30) + 2)*-1545*10/(-6) is divided by 340?
10
Suppose 0 = -5*l + 15, 3 = 4*o - 3*l - 0*l. Suppose -k - 36 = -r, -16*k + 20*k = o*r - 104. What is the remainder when r is divided by 16?
8
What is the remainder when (1/(-10))/(1/1464)*3465/(-1386) is divided by 216?
150
Let i = -3188 - -3206. Suppose -203 = -6*a + a - 4*j, 5*j = -15. Calculate the remainder when a is divided by i.
7
Suppose -2*n + n = 2*m - 77, -4*m = 0. Let u = 82 - n. Suppose u*g = -i + 38, 17 = i - 3*g - 21. Calculate the remainder when 74 is divided by i.
36
Suppose 0 = -5*i - 5*v - 15, 2*v + 12 = 2. Let z = 1454 - 1431. Calculate the remainder when z is divided by (8 + -3)*(i + -1).
3
Suppose -3*u + u + 24 = -4*v, 4*v = 0. Let t(x) = u + 2 + 8 + 2*x - 20*x. Calculate the remainder when t(-7) is divided by 25.
23
Let n = -14 - -35. What is the remainder when (n + 13)*6/4 is divided by 19?
13
Let a = 6588 + -5995. What is the remainder when a is divided by 109?
48
Calculate the remainder when 667 is divided by 156/3 + 0*2/(-6) + -7.
37
Let f = 974 + -854. What is the remainder when 236 is divided by f?
116
Suppose 0 = 156*d + 296*d - 227808. Calculate the remainder when d is divided by (-2 - -26) + -1 + -1.
20
Let i(m) = 1294*m - 6269. Calculate the remainder when i(6) is divided by 50.
45
Let a = 18 + 14. Suppose a = 3*r - 5*r. What is the remainder when 24/r - 29/(-2) is divided by 8?
5
Suppose 33*q - 40*q = -49. What is the remainder when (-3)/(-6 - -3)*q is divided by 6?
1
Let b(f) = -142*f - 894. Calculate the remainder when 732 is divided by b(-8).
6
Let v(y) = -5*y**2 + 8*y - 4. Let r be v(-6). Calculate the remainder when (r/(-10))/((-2)/(-5)) is divided by 11.
3
Let t(h) = 10*h + 42. Let x be t(0). What is the remainder when 203/x + -4 + (-1075)/(-6) is divided by 91?
89
Let j = 119 - 116. Suppose 2*u - 60 = -j*u + b, -4*u + 2*b + 54 = 0. What is the remainder when u is divided by 5?
1
Suppose -4*x + 2 = -5*x, 102 = 2*q - 3*x. Let t(k) be the first derivative of -3*k**2/2 - 7*k + 6. What is the remainder when q is divided by t(-8)?
14
Let t = 398 - 262. Let a = t + -129. Suppose 0 = 4*v - a*v + 627. What is the remainder when v is divided by 53?
50
What is the remainder when (-12)/(-22) + (-10406444)/(-2332) is divided by 19?
17
Suppose 3*w + 244 = 4*u, -19 + 95 = u + 3*w. Let p(v) = 20*v**2 - v - 2. Calculate the remainder when u is divided by p(1).
13
Suppose 6*q - 303 = -183. Let f(s) = 17*s - 294. What is the remainder when 133 is divided by f(q)?
41
Let f = 11536 - -14446. What is the remainder when f is divided by 29?
27
Let n(d) = -4*d - 12. Let q be n(-21). Suppose -16*p + q = -12*p. Let g = 177 - 113. Calculate the remainder when g is divided by p.
10
Let a = 310 + -306. Let t(k) = 21*k**2 + 23*k - 13. Calculate the remainder when t(a) is divided by 32.
31
Suppose -3*m = -4*p + 556, -5*p + 387 = -3*m - 305. What is the remainder when p is divided by 44?
4
Suppose 161*k = 163*k - 3*i - 90, 0 = -5*k + 3*i + 243. What is the remainder when 472 is divided by k?
13
Let o(w) = -15*w - 4*w**2 + 30 + 0*w**2 - 7*w**2 + 5*w**2 + 7*w**2. What is the remainder when 106 is divided by o(15)?
16
Let g = 195 - 181. Suppose 0*f - f = k - g, -2*k - f + 24 = 0. Calculate the remainder when 289 is divided by k.
9
Let z = 1107 - 1073. Let j = -237 + 473. Calculate the remainder when j is divided by z.
32
Let o = -76 - -97. Let m = 95 - 32. What is the remainder when m is divided by -1*((-354)/o - (-1)/(-7))?
12
Let u = -5267 - -5394. What is the remainder when 291 is divided by u?
37
Calculate the remainder when (18/(-15))/(-8 + 32527/4070) is divided by 77.
71
Let a(i) = -i**2 - 5*i - 2. Suppose 0*s - 885 = -15*s. Suppose -5*m - s = -74. What is the remainder when a(-3) is divided by m?
1
Let x = -2462 + 3047. What is the remainder when x is divided by 59?
54
Let v = 5249 - 5240. Calculate the remainder when 86 is divided by v.
5
Calculate the remainder when 397 is divided by ((-507)/845)/(6/(-230)).
6
Suppose 4*g - 685 = 3*m, m - 195 = -3*g + 309. What is the remainder when 59 is divided by (1 + 2)*(g/(-39) + 7)?
3
Let v(n) = n**3 + 15*n**2 - 70*n - 37. What is the remainder when v(-18) is divided by 33?
20
Let s(j) = j**3 + 5*j**2 + 14*j + 62. Calculate the remainder when 501 is divided by s(-4).
17
Suppose -4*h = -3*b + 32, -61*h = -b - 63*h + 34. Calculate the remainder when 34 is divided by b.
14
Let t(v) = -v - 2 + 27 - 2. Let p be t(19). What is the remainder when 44 is divided by (16/10)/(p/30)?
8
Let t = -6147 - -6165. Calculate the remainder when 444 is divided by t.
12
Suppose -59 + 3 = -c. Let l = -48 + c. Calculate the remainder when (-777)/(-6) + -3 - 2/4 is divided by l.
6
Let l(v) = -11*v**3 - 20*v**2 - 343*v - 3202. Calculate the remainder when l(-9) is divided by 31.
22
Let z = -47 + 90. Let c(b) = -4*b**3 + b**2 + 4*b. Calculate the remainder when z is divided by c(-2).
15
Let x(a) = -a**2 - a + 35. Let n be x(-9). Let s = n - -46. What is the remainder when -3*(-16 + 1 + 1) is divided by s?
6
Suppose 0 = 4*z - 5*z. Suppose -18 + z = -f. What is the remainder when 231 is divided by f?
15
Let d(x) = -x**2 + 16*x + 330. What is the remainder when 213 is divided by d(23)?
44
Calculate the remainder when ((-20)/(-1))/((-30)/(-45)) is divided by ((-112)/12)/(22/(-33))*1.
2
Let w = 2 + 3. Let b = -128993 + 129121. What is the remainder when b is divided by w?
3
Let l(r) = -25*r**2 - 5*r + 5. Let q be l(2). Let u = -20 - q. Calculate the remainder when u is divided by 30.
25
Calculate the remainder when 383 is divided by ((-37)/7 + 1)*(21 + (-15 - 27)).
23
Suppose 11*m = 15699 - 14643. Calculate the remainder when 424 is divided by m.
40
Let k(v) = 6*v**2 + 236*v - 69. Calculate the remainder when 1726 is divided by k(-40).
88
What is the remainder when 2121 is divided by 2/14 - (5735/(-35) + -5 - -5)?
153
Suppose 5*v = -4*x - 68, -x - 4*v + 1 - 18 = 0. Let o(g) = g**3 + 16*g**2 - 17*g + 27. What is the remainder when 185 is divided by o(x)?
23
Suppose -3*y = -4*y, -4*a - 4*y + 19868 + 1096 = 0. Calculate the remainder when a is divided by 12.
9
Suppose 0 = 34*x - 27608 - 48161 - 36091. What is the remainder when x is divided by 183?
179
Suppose 0 = k - 3*q - 544, -804 = -5*k + q + 1930. What is the remainder when k is divided by 160?
67
Let x = -335178 - -335198. Calculate the remainder when x is divided by (-1 + 6)*6/10.
2
Let x(v) be the first derivative of 7*v**2 - 38*v + 1. Let p(f) = 12*f + 341. Let b be p(-28). What is the remainder when 124 is divided by x(b)?
28
Let v = 5823 + -5609. What is the remainder when v is divided by 60?
34
Let q be 732/46 - 7*4/(-322). Suppose 2*s - 48 = 6*s. Let m = s + q. Calculate the remainder when 7 is divided by m.
3
Let v(d) =